rime number?
False
Is 1947163747 a composite number?
False
Is 66437885237 prime?
True
Is 33626078063 a prime number?
True
Is 5986526587 prime?
True
Is 15421243489 a composite number?
False
Is 444878069 a prime number?
True
Is 1296251171 a composite number?
True
Is 14359020623 prime?
False
Is 322138109 a prime number?
False
Is 1553139131 composite?
True
Is 156343349 prime?
False
Is 20365587093 composite?
True
Is 4606602359 a composite number?
False
Is 3557626091 composite?
True
Is 823464469 a prime number?
False
Is 1551961693 composite?
False
Is 4498793957 prime?
False
Is 556543333 composite?
True
Is 232952677 prime?
True
Is 450139021 composite?
True
Is 21145784839 a prime number?
False
Is 112134947 a composite number?
True
Is 24974163527 prime?
True
Is 13902867871 a composite number?
False
Is 2802831481 a composite number?
True
Is 62948049061 a composite number?
False
Is 3215048071 prime?
False
Is 32472841337 composite?
False
Is 329620829 prime?
False
Is 17103012323 a prime number?
True
Is 83205479197 prime?
False
Is 4104566861 a composite number?
False
Is 2319452603 prime?
False
Is 31168493 prime?
False
Is 81931859 a prime number?
True
Is 5054901197 composite?
False
Is 9811291709 a composite number?
True
Is 85135137319 a prime number?
False
Is 1951547849 prime?
False
Is 170620457017 a prime number?
False
Is 2049920093 a composite number?
True
Is 2741793599 a composite number?
False
Is 1463279567 a composite number?
False
Is 428490911 composite?
True
Is 25410531563 composite?
False
Is 1150493629 a composite number?
True
Is 10957581091 a composite number?
True
Is 1208510374 a composite number?
True
Is 58044350581 composite?
True
Is 1316524355 prime?
False
Is 318716357 prime?
False
Is 259024358 composite?
True
Is 1669196605 composite?
True
Is 12003065209 prime?
False
Is 179618863 a prime number?
False
Is 1363288657 a prime number?
False
Is 7476941081 composite?
False
Is 212532289 prime?
True
Is 10040867153 composite?
False
Is 60165221 a composite number?
False
Is 11631437761 a prime number?
True
Is 69241861057 composite?
False
Is 4875970339 a composite number?
True
Is 12195070385 a composite number?
True
Is 19243097057 prime?
True
Is 4854119671 a prime number?
True
Is 182143656987 prime?
False
Is 3519501493 prime?
False
Is 116225676323 a prime number?
False
Is 323338031171 prime?
False
Is 13158215671 a composite number?
False
Is 96360393541 composite?
True
Is 1366928413 a composite number?
True
Is 5700084137 composite?
True
Is 27146339401 a composite number?
True
Is 76257505 a composite number?
True
Is 10736361931 composite?
True
Is 8286176671 composite?
True
Is 7086463367 composite?
True
Is 948834955 composite?
True
Is 4952827097 composite?
True
Is 58092107 prime?
True
Is 131292313819 prime?
True
Is 17142029171 a prime number?
True
Is 1768922909 prime?
False
Is 6302322101 prime?
True
Is 584212456805 composite?
True
Is 68693917661 a composite number?
True
Is 11753283173 a prime number?
True
Is 1163054183 a composite number?
True
Is 32994477631 a composite number?
False
Is 41087088269 a prime number?
False
Is 342803361 a prime number?
False
Is 9110832161 prime?
False
Is 700140757 prime?
True
Is 15039547 composite?
False
Is 4697729581 a prime number?
False
Is 1224438359 prime?
True
Is 130295192179 a composite number?
True
Is 209049391 prime?
False
Is 148098770327 composite?
True
Is 3898757713 composite?
True
Is 4959046483 a composite number?
False
Is 1055253239771 composite?
False
Is 596217487 a composite number?
False
Is 2661937391 a prime number?
True
Is 39937314971 a prime number?
True
Is 48392015491 composite?
False
Is 5009309309 prime?
False
Is 3743230003 a composite number?
True
Is 1530750499 prime?
False
Is 31926938935 a composite number?
True
Is 4741345415 a prime number?
False
Is 18968231251 composite?
True
Is 4940314609 a prime number?
True
Is 11012279321 a composite number?
False
Is 69868290103 prime?
False
Is 50918892419 a composite number?
False
Is 9235077389 composite?
False
Is 728793209 a composite number?
True
Is 3790498013 composite?
True
Is 2966266577 composite?
True
Is 90969392759 a composite number?
True
Is 1300250117 a composite number?
True
Is 10251388699 composite?
True
Is 476469839 composite?
False
Is 1345185118 composite?
True
Is 182082839 a prime number?
True
Is 9859041911 a prime number?
False
Is 23800372571 a composite number?
True
Is 651989587 a prime number?
True
Is 1182433363 a composite number?
False
Is 576608573 composite?
False
Is 3639869 prime?
True
Is 22056968003 a composite number?
True
Is 1174800373 composite?
False
Is 30731043221 a composite number?
False
Is 18516109949 composite?
False
Is 18849708439 a composite number?
True
Is 9153101669 prime?
False
Is 56455050499 a composite number?
True
Is 6316560349 a prime number?
False
Is 11250498407 a prime number?
True
Is 12088705087 prime?
False
Is 3932532913 a composite number?
True
Is 3449604481 composite?
True
Is 3614199391 composite?
True
Is 759096887 composite?
False
Is 15429930977 composite?
True
Is 1790959421 a composite number?
False
Is 30172411 a composite number?
True
Is 30928114387 composite?
True
Is 2907694159 prime?
False
Is 987782141 prime?
True
Is 3424165483 a composite number?
True
Is 925861447 a prime number?
False
Is 4301579111 a prime number?
True
Is 8198052343 composite?
True
Is 974106569 prime?
True
Is 1472374723 a prime number?
True
Is 826119557 a composite number?
True
Is 16590382723 a prime number?
True
Is 9622070149 composite?
True
Is 20597735519 a composite number?
False
Is 4121626331 a prime number?
True
Is 6220571041 composite?
True
Is 20865605485 composite?
True
Is 529131131 prime?
True
Is 12948399931 prime?
True
Is 146111609309 composite?
False
Is 52883693267 a composite number?
False
Is 2163173341 a prime number?
False
Is 296526745 a composite number?
True
Is 2342786497 composite?
True
Is 184640611 composite?
False
Is 3193519699 composite?
False
Is 52125654143 prime?
True
Is 15419463739 a prime number?
True
Is 281933243 a prime number?
False
Is 1498389679 a composite number?
False
Is 3915223493 a prime number?
False
Is 46315039 a prime number?
True
Is 1831611641 a prime number?
True
Is 11022811 a composite number?
True
Is 124978283 a prime number?
False
Is 126363247 a composite number?
True
Is 524619889 a composite number?
True
Is 19855867931 a composite number?
True
Is 2590661641 a composite number?
False
Is 1471094051 a prime number?
False
Is 77013942563 a prime number?
False
Is 1688477309 composite?
False
Is 100717213 a prime number?
False
Is 77046504833 a prime number?
False
Is 1610488423 prime?
True
Is 2105991561 a prime number?
False
Is 1261509787 a prime number?
True
Is 2368803907 composite?
False
Is 27616877697 a prime number?
False
Is 7470265973 prime?
True
Is 171111818 composite?
True
Is 8758339295 a composite number?
True
Is 19489949407 composite?
False
Is 9363721 a prime number?
True
Is 39289742285 prime?
False
Is 32431580617 prime?
True
Is 3504602407 composite?
True
Is 31596267061 prime?
False
Is 19535478331 a prime number?
False
Is 395614253 a prime number?
True
Is 2916010271 a composite number?
True
Is 575444539 prime?
True
Is 12633260407 a composite number?
False
Is 62924996033 a composite number?
True
Is 5123289247 a composite number?
False
Is 333688027 composite?
True
Is 1680411911 a composite number?
False
Is 13628254667 a prime number?
True
Is 328128569 composite?
False
Is 9814599757 composite?
True
Is 5065455767 a composite number?
True
Is 19193783519 a composite number?
False
Is 750234607 a prime number?
False
Is 25710822179 prime?
False
Is 6740749807 composite?
True
Is 10228308631 composite?
True
Is 3688102459 a prime number?
True
Is 625463035079 a composite number?
False
Is 13888387339 a composite number?
True
Is 2286594491 a prime number?
False
Is 1156121791 composite?
True
Is 60552720989 composite?
False
Is 684115867 a prime number?
True
Is 1187718299 a composite number?
True
Is 6965715473 a prime number?
False
Is 265609585 a composite number?
True
Is 54944054551 a prime number?
False
Is 7021072159 composite?
True
Is 1108373801 a prime number?
True
Is 401425181 a composite number?
False
Is 4674097955 composite?
True
Is 101418263 composite?
True
Is 44160303361 composite?
False
Is 47183790907 composite?
Tr